e 5, what is -3323 + 124?
-3144
In base 11, what is 7aa + 82?
881
In base 6, what is 351441 - 31?
351410
In base 12, what is -21 - 2b798?
-2b7b9
In base 2, what is 10111 + 1000011111?
1000110110
In base 15, what is 192817 - -1?
192818
In base 7, what is -2 + 143261?
143256
In base 10, what is -25 + -6839?
-6864
In base 4, what is -1001 + -2322030?
-2323031
In base 11, what is 1 + -1a52a?
-1a529
In base 10, what is -3 - 16200?
-16203
In base 4, what is -2113012 + -13?
-2113031
In base 6, what is -41323 + -13?
-41340
In base 5, what is -3 + -4401344?
-4401402
In base 12, what is 16547 - 18?
1652b
In base 15, what is 1058c5 + -2?
1058c3
In base 4, what is 211033121 + -3?
211033112
In base 13, what is -1b25 - a?
-1b32
In base 7, what is -16 + 554?
535
In base 16, what is -32d9 + -4a?
-3323
In base 10, what is 5700 + 14?
5714
In base 11, what is -1618 + 33?
-1595
In base 4, what is 330 - 12211?
-11221
In base 16, what is -b + 6a4a?
6a3f
In base 7, what is -5544 - 431?
-6305
In base 4, what is 200311 + -1022?
133223
In base 12, what is -18a + 2b2?
124
In base 12, what is -1 + 27232?
27231
In base 11, what is 0 - 18953?
-18953
In base 14, what is -3bb + -21a?
-5d7
In base 2, what is 1001010011011100 + -1?
1001010011011011
In base 9, what is -644531 + -2?
-644533
In base 15, what is -308ba + 1?
-308b9
In base 5, what is 34322 - -14034?
103411
In base 15, what is a8 - 60ec?
-6044
In base 10, what is 1 - -2983?
2984
In base 12, what is -4 + -11062?
-11066
In base 10, what is 139 - -7966?
8105
In base 7, what is -25 + 1455?
1430
In base 6, what is 21201115 - 4?
21201111
In base 14, what is -16 - -2d276?
2d260
In base 13, what is 4 - -52c8?
52cc
In base 14, what is 5 - -43294?
43299
In base 8, what is -15 - 327446?
-327463
In base 4, what is 2033 + 200022?
202121
In base 9, what is -373540 - -1?
-373538
In base 14, what is -16b + 38?
-133
In base 13, what is -b + 4a16?
4a08
In base 10, what is -18 + -45190?
-45208
In base 8, what is -6530451 - -5?
-6530444
In base 10, what is 11366 + 7?
11373
In base 8, what is 12351 + 21?
12372
In base 16, what is -e + 46de7?
46dd9
In base 7, what is -21266 + 125?
-21141
In base 5, what is -1 - 20402420?
-20402421
In base 9, what is 45278 + 1?
45280
In base 16, what is 2e8df + 10?
2e8ef
In base 8, what is -170 + 602?
412
In base 6, what is 124300232 + 5?
124300241
In base 14, what is 2 + -393c4?
-393c2
In base 3, what is -10110211022100 - -1?
-10110211022022
In base 4, what is -23022 + 10?
-23012
In base 11, what is 8903a - -1?
89040
In base 16, what is -46d0e - -2?
-46d0c
In base 2, what is 100100010000101111 + -101?
100100010000101010
In base 5, what is 2 - 13433323?
-13433321
In base 6, what is 155321253 - -4?
155321301
In base 12, what is -9b + -31b?
-3ba
In base 10, what is -3 - -81487?
81484
In base 11, what is 194 + 23a5?
2589
In base 14, what is 227 + -bb?
14a
In base 13, what is 3 - -11c0b?
11c11
In base 2, what is 1000111101001 + 11?
1000111101100
In base 10, what is -221 - 409?
-630
In base 7, what is -2 - 41325?
-41330
In base 10, what is 3 + -189627?
-189624
In base 16, what is 129c - -3?
129f
In base 3, what is -1011200022022 - 11?
-1011200022110
In base 3, what is 11 - -1001210021?
1001210102
In base 14, what is -a - 6756?
-6762
In base 16, what is -4 - 1aab?
-1aaf
In base 5, what is 14403 + -211?
14142
In base 16, what is -5 - -c1f2?
c1ed
In base 8, what is -26304 + 15?
-26267
In base 2, what is 100 + 110000100101001?
110000100101101
In base 7, what is 1663 + -5?
1655
In base 3, what is 1020101 - 1202?
1011122
In base 16, what is 7c - -c2?
13e
In base 12, what is 12b592 + 4?
12b596
In base 7, what is -1 - -13531146?
13531145
In base 14, what is 8 - 1066?
-105c
In base 3, what is 21101222 - -1?
21102000
In base 9, what is 20 - -1287?
1317
In base 4, what is -11 + 10310012102?
10310012031
In base 2, what is -11100 - -1000111001?
1000011101
In base 13, what is 2116 + -2?
2114
In base 14, what is -10c + 23d2?
22c4
In base 9, what is -55 + -136?
-202
In base 13, what is -765 + b?
-757
In base 5, what is -4130 - -1?
-4124
In base 16, what is -1b46 - 4?
-1b4a
In base 7, what is -3 + 122603?
122600
In base 12, what is 254 + 125?
379
In base 10, what is 100021 + 3?
100024
In base 16, what is 83c + -5e?
7de
In base 16, what is -a94f9 - -1?
-a94f8
In base 14, what is b89d6 + 3?
b89d9
In base 5, what is -123441 + 10?
-123431
In base 11, what is 9 - -460?
469
In base 13, what is 11 - 53?
-42
In base 8, what is 1324 - 372?
732
In base 16, what is -53 + -283?
-2d6
In base 5, what is -3 + -2200234?
-2200242
In base 4, what is -3211231213 + -3?
-3211231222
In base 12, what is 854 + -2?
852
In base 5, what is -213 + -1042421?
-1043134
In base 6, what is -10 - -51310?
51300
In base 4, what is 110 - -1003223?
1003333
In base 15, what is 4 + -35c2?
-35bd
In base 3, what is 1211222211 + -1?
1211222210
In base 7, what is -3 + -13323010?
-13323013
In base 15, what is -1a - -30a?
2e0
In base 5, what is -4433403 - 4?
-4433412
In base 8, what is 50 + -42442?
-42372
In base 4, what is 23 + 121122322?
121123011
In base 9, what is -184 - -1?
-183
In base 13, what is -1a0 - 128b?
-145b
In base 15, what is -18 - 2866?
-287e
In base 2, what is -10111 - -1011011000?
1011000001
In base 8, what is 1 - 176631?
-176630
In base 14, what is 468b3 + 4?
468b7
In base 4, what is -113 - 1312?
-2031
In base 11, what is 529 + -1a26?
-14a8
In base 8, what is -16405 - 74?
-16501
In base 3, what is -2 - 10001111101?
-10001111110
In base 5, what is 103040 - 3120?
44420
In base 16, what is 2575 - 11?
2564
In base 12, what is 1161049 - -1?
116104a
In base 2, what is 1000001 + 101010001101?
101011001110
In base 11, what is 12 - -851a7?
85209
In base 16, what is -5 + 23c7?
23c2
In base 4, what is 3103130 - -12?
3103202
In base 7, what is 124 + -23502?
-23345
In base 11, what is -36 - 879?
-904
In base 9, what is -1 - -15438?
15437
In base 8, what is -7 - 15154?
-15163
In base 12, what is 44b0 - -3?
44b3
In base 16, what is 4 - -4d6d?
4d71
In base 12, what is 5 + -5305?
-5300
In base 2, what is 1111 - -1011011011111001?
1011011100001000
In base 14, what is 3 + -26c5?
-26c2
In base 8, what is 24 - 226511?
-226465
In base 7, what is 212 + -11533?
-11321
In base 16, what is -1 + e449f?
e449e
In base 3, what is -20211 - -11?
-20200
In base 12, what is -4ba2a - 5?
-4ba33
In base 5, what is -133411331 + -10?
-133411341
In base 5, what is -1 + 134004?
134003
In base 2, what is 1101010100 - -1010111000100?
1100100011000
In base 3, what is -2000121110 + 1002?
-2000120101
In base 5, what is -2 - -1310210?
1310203
In base 13, what is -2c90 + -9?
-2c99
In base 9, what is 5 + -231714?
-231708
In base 14, what is -12 - -3a19c?
3a18a
In base 3, what is 0 - 12202001120?
-12202001120
In base 5, what is 1403143201 - 2?
1403143144
In base 14, what is 56d + -105?
468
In base 11, what is -5 - 241a35?
-241a3a
In base 13, what is -3b550 - 12?
-3b562
In base 15, what is 4e8 - 4b?
49c
In base 9, what is 174 + 14546?
14731
In base 12, what is 545b - 6?
5455
In base 15, what is -11 - -14264?
14253
In base 2, what is 110001101 + -10100010011?
-1110000110
In base 13, what is -27c4 - 14?
-2808
In base 10, what is -3 + 540870?
540867
In base 3, what is -1210 + 22000202?
21221222
In base 4, what is -212 + 133210?
132332
In base 15, what is 253 + -146?
10c
In base 4, what is -1030 - 232?
-1322
In base 14, what is c - -8a5?
8b3
In base 5, what is -13 - -132442?
132424
In base 14, what is 14a + 1a3?
30d
In base 4, what is 31210 + -112?
31032
In base 7, what is 232 + 14?
246
In base 5, what is -420 + 12430?
12010
In base 11, what is -2 - -179a69?
179a67
In base 16, what is -b + -12c?
-137
In base 9, what is -136467 + 0?
-136467
In base 7, what is -1351 + -1642?
-3323
In base 13, what is -a - -8a2c?
8a22
In base 12, what is 2 - -4ba329?
4ba32b
In base 13, what is -57 - -1a1?
147
In base 6, what is 12454 - -425?
13323
In base 14, what is 4 - 355138?
-355134
In base 9, what is 448346 - 1?
448345
In base 2, what is 10100100000 + 100110?
10101000110
In base 3, what is 112100 + -111121?
202
In base 15, what is -11 + 807?
7e6
In base 6, what is -551 - -3543?
2552
In base 3, what is -101000001 + -2?
-101000010
In base 3, what is -2010000 - 122?
-2010122
In base 3, what is 0 - -120221021?
120221021